 34 + 2, 5*p = 5*q - 45. What is u(p)?
2
Let f(a) = 3*a**2 - 11*a + 9. Let g(h) = 4*h + 10 - 17 - h**2 + 4. Let q(y) = -6*f(y) - 17*g(y). Calculate q(-2).
-3
Suppose -5*i - 12 - 3 = 0, -4*b + 5*i = -23. Let s(j) = -2*j + 2*j**b + 2*j - 2 - 2*j - 3*j. Let o be (-5)/((-30)/(-8))*-3. Determine s(o).
10
Let o(f) = -2 + 4*f - 6*f - 3 + 0*f. Suppose -3*u + 25 = -8. Let p = u + -7. Calculate o(p).
-13
Let a(z) = -9*z - 6. Suppose -3 = 2*g + 4*o - 11, -4*o + 20 = 4*g. Let b(f) = 8*f + 5. Let u(v) = g*a(v) + 7*b(v). Let q = -4 + 1. Determine u(q).
-7
Let m(b) = b**3 - 6. Let f be m(3). Let c(l) = -l**2 - 1. Let y(d) = 6*d**2 + 7. Let w(i) = f*c(i) + 3*y(i). Give w(-1).
-3
Let o(f) = -3*f + 8. Let m be o(4). Let a be (m - (-1 - -2))*42/105. Let j(p) = -p**3 + p + 2. Calculate j(a).
8
Let h(s) be the first derivative of s**4/12 - s**3/6 + 25*s**2/2 + 11*s - 9. Let o(d) be the first derivative of h(d). Calculate o(0).
25
Let c(z) = -z**2 + 10*z + 7. Let m be 3/3*(-1 + 9). Give c(m).
23
Suppose 0*p - p - 7*p = 0. Let c(k) be the third derivative of k**3 + 13*k**2 + 1/60*k**5 + p + 0*k + 7/24*k**4. What is c(-4)?
-6
Let n(a) = -a**2 - 1. Suppose -15 = -s + 4*s, 4*p = -3*s - 15. Suppose 2*j = 4*v + 4, 3*j + v - 3*v - 2 = p. Calculate n(j).
-1
Let p(q) = 0*q - 6*q - 2 + 5*q. Suppose -3*u + d - 16 = 0, 5*d = -4*u - 30 - 4. What is p(u)?
4
Let i(c) = 4*c**3 + 3*c**2 + 2*c - 3. Let n be i(1). Let f(j) = 5*j**2 + 15*j - 5. Let p(g) = -3*g**2 - 8*g + 3. Let u(z) = 4*f(z) + 7*p(z). Give u(n).
-11
Let z be (2/4)/((-3)/(-9 + -3)). Suppose 2*u + 29 = 5*p - 1, z*u - 2*p = -18. Let t(f) = -f**3 - 4*f**2 + 4*f + 2. Calculate t(u).
7
Let p be 12/8*(-32)/6. Let n(l) be the third derivative of l**5/60 + 7*l**4/24 - 5*l**3/6 - 2*l**2. What is n(p)?
3
Let m(t) = 5*t**2 + 11*t + 11. Let d(j) = j**2 + j + 1. Let h(c) = 4*d(c) - m(c). Suppose -6*v = 3*v + 54. What is h(v)?
-1
Suppose -24 = n + 5*n. Let a(s) = -s**3 - 5*s**2 - 3*s + 4. What is a(n)?
0
Let u(l) = -5*l**3 - 3*l**2 - 8*l + 7. Let x(c) = 9*c**3 + 6*c**2 + 14*c - 13. Let d(h) = 11*u(h) + 6*x(h). What is d(3)?
-13
Let l = -81 + 84. Let s(y) = -3*y - 2*y**3 - 2*y - 7 + 4*y**2 + 3*y**l. Calculate s(-5).
-7
Let s(j) = 7*j - 52*j**2 + 1 + 51*j**2 + 4*j. Determine s(12).
-11
Let w = -38 + 39. Let t(m) = -m**3 + m**2 - m + 1. Determine t(w).
0
Let g(p) be the third derivative of p**4/6 + p**3/6 + 62*p**2. Suppose 5*c - 8 = v, 2 - 14 = 3*c + 5*v. What is g(c)?
5
Let r = 872 - 876. Let q(d) = d**3 + 3*d**2 - d - 5. Determine q(r).
-17
Let k(o) = -o**2 - 14*o - 34. Let x be k(-8). Suppose -1 = 3*n + x. Let q(v) = -3*v - 5. Calculate q(n).
10
Let l(b) = b + 15. Let t be (-2)/((-5)/(-55)*2). Determine l(t).
4
Let t(w) be the third derivative of -w**4/12 + w**3/3 - 9*w**2 + 10. Let y(s) = -s**3 + 9*s**2 - 9*s + 6. Let p be y(8). Calculate t(p).
6
Let m = -4 - 5. Let v be ((-2)/9)/(1/m). Let q(h) = -h**3 + 4*h**2 + 4*h + 2. Let x(b) = -2*b**3 + 9*b**2 + 9*b + 4. Let p(u) = 9*q(u) - 4*x(u). Give p(v).
-6
Let i(j) be the second derivative of j**4/12 + j**3/3 + 2*j**2 + 2*j. Let x(s) = 3*s + 18*s + 11 - 35*s. Let r be x(1). Determine i(r).
7
Let h(o) = o**2 + 8*o + 5. Let c = -30 + 22. Let y be (-48)/(-30)*(c + 3). Determine h(y).
5
Let b(x) = -x**3 + 4*x**2 - 4*x + 1. Let v be b(3). Suppose 8*g - 3*g - 10 = 0. Let d(r) = 3*r**g - 9 - 2*r**2 + 11. Calculate d(v).
6
Let z(n) = -2*n. Let j be 4 + (-20)/(4 - -1). Let k be z(j). Let u(w) = w**3 - w**2 - 2. Determine u(k).
-2
Let o(z) = -z - 9. Let t be o(-10). Let r(s) = 13*s - 2. Let i(p) = -7*p + 1. Let g(v) = -13*i(v) - 6*r(v). Give g(t).
12
Let b(a) be the third derivative of -a**6/120 - 3*a**5/20 - a**4/3 + 4*a**3/3 + 63*a**2 - 2. What is b(-7)?
-34
Let x be 8/2 + -4 + 5. Suppose 2*d - 6 = 0, 49 = x*p + 2*d + 303. Let m be (-4)/(-3)*(-39)/p. Let f(y) = 3*y + 1. What is f(m)?
4
Let n(l) be the second derivative of 0 - 1/2*l**2 + 1/3*l**3 - 12*l + 0*l**4 + 9/20*l**5. Give n(1).
10
Let y = 40 + -39. Let z(x) = -y + 3*x - 2*x + 0 + 2. Determine z(-2).
-1
Let j(m) = 9 - 5 + m - 4 - 1. Calculate j(-6).
-7
Let r = -7 - -16. Suppose -1 = -2*b + r. Let u(a) = 7*a - 6*a - 170 + 3*a + 164. Determine u(b).
14
Let p = 144 - 140. Let v(i) be the third derivative of 0 + 5*i**2 - 1/6*i**p + 0*i - i**3. What is v(-4)?
10
Let m(o) be the third derivative of -o**7/2520 + o**6/180 + o**4/3 - 4*o**2. Let k(p) be the second derivative of m(p). Calculate k(3).
3
Let v(d) = -d - 6. Let h be v(-3). Let p(a) = 2*a**3 - 7*a**2 + 11*a + 2. Let m(r) = r**3 - 4*r**2 + 6*r. Let x(y) = h*p(y) + 7*m(y). Determine x(6).
12
Let h(j) = 4*j + 22. Suppose 5*c + 35 = -3*q, -17*c - q = -21*c - 28. What is h(c)?
-6
Let h(u) = -u**3 - 15. Let k be 1*(-2)/(-6) - (-7)/(-21). Give h(k).
-15
Let n(w) = -w**3 - 2*w**2 + 2*w + 3. Suppose 26*q + 98 + 6 = 0. Calculate n(q).
27
Suppose -5*x - 24 = 3*c, 19*c = 4*x + 20*c + 22. Let j(u) = u**3 + 6*u**2 - 8*u - 7. What is j(x)?
41
Let u be (1 - 2)/(4/(-12)). Let x(n) = 822 - 2*n - n**2 + 2*n**2 + 0*n**2 - 826. What is x(u)?
-1
Suppose -x - 2 = -7. Suppose h + 3*h = 16. Let j(d) = -d**2 + 3*d + 6. Let f(n) = -n + 1. Let y(q) = h*f(q) - j(q). Calculate y(x).
-12
Let l be 8/(-6)*(-3)/2. Let d(k) = 2*k - 18. Let z be d(11). Let a(x) = z*x - l*x + 0*x - x + 2. Give a(0).
2
Let i(j) = 3*j - 330160*j**2 + 330173*j**2 + 0 + 2. What is i(-2)?
48
Let y = -359 + 366. Let f(u) = u**2 - 8*u - 2. Calculate f(y).
-9
Suppose 3*g - 4*s = -16, 0*g + 5*s = 2*g + 20. Let n(u) = -2 + 7*u + g - u - 5*u. Give n(6).
4
Suppose -3*l + 7*f - 24 = 5*f, 4*f = -5*l - 40. Let h(m) = -m**2 - 8*m - 14. Calculate h(l).
-14
Let n(c) be the second derivative of c**3/3 - 3*c**2 - 2*c. Let s be (0 + -3)/(6/(-20)). Calculate n(s).
14
Let s = -1219 + 1224. Let i(v) = 8*v - 37. Give i(s).
3
Let t(b) be the third derivative of b**7/840 + b**6/180 - b**5/24 - b**4/8 - b**3/3 + 12*b**2. Let u(w) be the first derivative of t(w). Calculate u(-3).
3
Let n(p) be the second derivative of p**4/12 + p**3/2 + p**2 + 4*p + 3. Give n(-4).
6
Let p(q) = -q**3 + 7*q**2 + 13*q - 22. Let n be ((-390)/50 + 9)/((-3)/(-20)). Give p(n).
18
Let g(o) = 5*o - o**2 - 5*o + 8 + 3*o. Let w be (2 - 50/4)/((-27)/18). Determine g(w).
-20
Let w(s) = s - 1. Let n(j) = -21 + 34 - 4*j - 11. Let g(l) = -n(l) - 2*w(l). Calculate g(1).
2
Let q be 2/(-8) + 29/4. Let x = 11 - q. Let c(m) = 5*m**3 - 2*m - 6*m**2 + x*m - 4*m**3 + 5 + 4*m. Calculate c(5).
10
Let d(u) = 17 + 6*u + 0*u - 5*u. Let y be (14 - 14)*2/(-4). Determine d(y).
17
Let r(y) = -y + 4. Let b be (2 + -4 - 6)/2. Let m(u) = -u + 5. Let v(q) = b*r(q) + 3*m(q). Let t be (0 - -1)/((-1)/(-5)). Determine v(t).
4
Suppose -2*b - 2 = 0, -11 = -2*p - p + 5*b. Let w(s) = -s**2 + 6*s + s**2 + s**p. Give w(-5).
-5
Let x(l) = l**2 + 57 + l + l**2 + 2*l**2 - 55. Calculate x(0).
2
Let l(i) = -4 - 1 - i**2 + 13*i - 4*i. Let g = -31 + 108. Let f be 44/g - (-52)/7. Calculate l(f).
3
Let m(l) = -5*l + 4 - 13*l**3 + 6*l + 2*l**3 + 10*l**3 - 5*l**2. Calculate m(-5).
-1
Let a(b) = 9*b - 6*b - 16 + 2 - 2*b. Determine a(16).
2
Let h(w) = -w**3 - 21*w**2 - 23*w - 59. Suppose 60 = -3*d - 2*k, -6*d + k - 80 = -2*d. Let s be h(d). Let m(u) = 13*u**2 + 3*u - 2*u - 3 + 2. Calculate m(s).
13
Let t(m) = 7*m. Let l(k) = 2*k + 1. Let p(g) = 3*l(g) - t(g). Calculate p(-3).
6
Let s(g) be the second derivative of 5*g**4/12 + g**3/6 + g**2 - 3220*g. Let n = -2 - 0. Give s(n).
20
Suppose 25*t = 21*t + 44. Let a(m) = -t*m + 4*m + 0*m + 6*m + 11. What is a(8)?
3
Let o(p) = -2*p - 1. Let w(a) = -2*a + 6. Let r(t) = -t + 2. Let f(c) = 17*r(c) - 6*w(c). Let b(v) = 3*f(v) - 7*o(v). Calculate b(-3).
4
Let n(j) be the second derivative of j**4/12 - j**3/2 - 5*j**2/2 - 6*j. Let z(r) = 0*r**3 - 1 - 2*r**3 + 5 + 6*r + r**3 + 5*r**2. Let o be z(6). What is n(o)?
-1
Suppose 3*t + v + 27 = -2*v, -22 = 2*t + 4*v. Let z = t - -10. Suppose z*u = 2*x + 2, x = -4*u + u - 10. Let y(c) = -c. What is y(x)?
4
Suppose 0 = -15*m + 2*m. Suppose m = -4*l + 9 + 11. Let t(s) = -s**2 + 2*s + 7. What is t(l)?
-8
Suppose 2*v - 2*j - 24 = -0*j, -45 = -5*v + 2*j. Let l(c) = -c**3 + 8*c**2 - 8*c + 1. Determine l(v).
-6
Let q(k) be the third derivative of -1/24*k**4 + 0 + k**2 + 0*k - 3/2*k**3. Let b be (-1)/(-3) + 480/(-90). Calculate q(b).
-4
Let u be (-1)/((15/123)/(-5